{"id":157,"date":"2020-03-16T09:02:10","date_gmt":"2020-03-16T09:02:10","guid":{"rendered":"https:\/\/startersites.io\/blocksy\/modern-shop\/?post_type=product&#038;p=157"},"modified":"2025-11-22T11:25:24","modified_gmt":"2025-11-22T11:25:24","slug":"ornare-arcudui-vivamus-arcu-felis-bibendum","status":"publish","type":"product","link":"https:\/\/nossaconfeitaria.com\/?product=ornare-arcudui-vivamus-arcu-felis-bibendum","title":{"rendered":"Pudim com Queijo"},"content":{"rendered":"<p>Nosso Pudim com Queijo \u00e9 a vers\u00e3o sofisticada do cl\u00e1ssico &#8220;Romeu e Julieta&#8221; em formato de sobremesa. Combinamos a cremosidade sedosa do pudim tradicional de leite condensado com peda\u00e7os generosos de queijo minas de qualidade, criando um contraste de sabores que \u00e9 pura harmonia. A textura aveludada do pudim abra\u00e7a perfeitamente a suavidade levemente salgada do queijo, equilibrando do\u00e7ura e acidez em cada garfada. Finalizado com nossa calda de caramelo artesanal dourada, essa sobremesa celebra a combina\u00e7\u00e3o mais amada da culin\u00e1ria brasileira de forma elegante e irresist\u00edvel. Para os verdadeiros apreciadores de sabores que se complementam.<\/p>\n","protected":false},"excerpt":{"rendered":"<p>Cremosidade do pudim com peda\u00e7os de queijo minas. A dupla cl\u00e1ssica Romeu e Julieta em vers\u00e3o pudim<\/p>\n","protected":false},"featured_media":620,"comment_status":"open","ping_status":"closed","template":"","meta":[],"product_brand":[],"product_cat":[22],"product_tag":[],"class_list":{"0":"post-157","1":"product","2":"type-product","3":"status-publish","4":"has-post-thumbnail","6":"product_cat-especial-de-natal","8":"first","9":"instock","10":"sale","11":"shipping-taxable","12":"purchasable","13":"product-type-simple"},"yoast_head":"<!-- This site is optimized with the Yoast SEO plugin v27.4 - https:\/\/yoast.com\/product\/yoast-seo-wordpress\/ -->\n<title>Pudim com Queijo - nossaconfeitaria.com<\/title>\n<meta name=\"robots\" content=\"index, follow, max-snippet:-1, max-image-preview:large, max-video-preview:-1\" \/>\n<link rel=\"canonical\" href=\"https:\/\/nossaconfeitaria.com\/?product=ornare-arcudui-vivamus-arcu-felis-bibendum\" \/>\n<meta property=\"og:locale\" content=\"pt_BR\" \/>\n<meta property=\"og:type\" content=\"article\" \/>\n<meta property=\"og:title\" content=\"Pudim com Queijo - nossaconfeitaria.com\" \/>\n<meta property=\"og:description\" content=\"Cremosidade do pudim com peda\u00e7os de queijo minas. A dupla cl\u00e1ssica Romeu e Julieta em vers\u00e3o pudim\" \/>\n<meta property=\"og:url\" content=\"https:\/\/nossaconfeitaria.com\/?product=ornare-arcudui-vivamus-arcu-felis-bibendum\" \/>\n<meta property=\"og:site_name\" content=\"nossaconfeitaria.com\" \/>\n<meta property=\"article:modified_time\" content=\"2025-11-22T11:25:24+00:00\" \/>\n<meta property=\"og:image\" content=\"http:\/\/nossaconfeitaria.com\/wp-content\/uploads\/2020\/03\/555a0b718fd1e918cbe3cd5c2edbc5fb-e1763319874906.jpg\" \/>\n\t<meta property=\"og:image:width\" content=\"1070\" \/>\n\t<meta property=\"og:image:height\" content=\"927\" \/>\n\t<meta property=\"og:image:type\" content=\"image\/jpeg\" \/>\n<meta name=\"twitter:card\" content=\"summary_large_image\" \/>\n<meta name=\"twitter:label1\" content=\"Est. tempo de leitura\" \/>\n\t<meta name=\"twitter:data1\" content=\"1 minuto\" \/>\n<script type=\"application\/ld+json\" class=\"yoast-schema-graph\">{\"@context\":\"https:\\\/\\\/schema.org\",\"@graph\":[{\"@type\":\"WebPage\",\"@id\":\"https:\\\/\\\/nossaconfeitaria.com\\\/?product=ornare-arcudui-vivamus-arcu-felis-bibendum\",\"url\":\"https:\\\/\\\/nossaconfeitaria.com\\\/?product=ornare-arcudui-vivamus-arcu-felis-bibendum\",\"name\":\"Pudim com Queijo - nossaconfeitaria.com\",\"isPartOf\":{\"@id\":\"https:\\\/\\\/nossaconfeitaria.com\\\/#website\"},\"primaryImageOfPage\":{\"@id\":\"https:\\\/\\\/nossaconfeitaria.com\\\/?product=ornare-arcudui-vivamus-arcu-felis-bibendum#primaryimage\"},\"image\":{\"@id\":\"https:\\\/\\\/nossaconfeitaria.com\\\/?product=ornare-arcudui-vivamus-arcu-felis-bibendum#primaryimage\"},\"thumbnailUrl\":\"https:\\\/\\\/nossaconfeitaria.com\\\/wp-content\\\/uploads\\\/2020\\\/03\\\/555a0b718fd1e918cbe3cd5c2edbc5fb-e1763319874906.jpg\",\"datePublished\":\"2020-03-16T09:02:10+00:00\",\"dateModified\":\"2025-11-22T11:25:24+00:00\",\"breadcrumb\":{\"@id\":\"https:\\\/\\\/nossaconfeitaria.com\\\/?product=ornare-arcudui-vivamus-arcu-felis-bibendum#breadcrumb\"},\"inLanguage\":\"pt-BR\",\"potentialAction\":[{\"@type\":\"ReadAction\",\"target\":[\"https:\\\/\\\/nossaconfeitaria.com\\\/?product=ornare-arcudui-vivamus-arcu-felis-bibendum\"]}]},{\"@type\":\"ImageObject\",\"inLanguage\":\"pt-BR\",\"@id\":\"https:\\\/\\\/nossaconfeitaria.com\\\/?product=ornare-arcudui-vivamus-arcu-felis-bibendum#primaryimage\",\"url\":\"https:\\\/\\\/nossaconfeitaria.com\\\/wp-content\\\/uploads\\\/2020\\\/03\\\/555a0b718fd1e918cbe3cd5c2edbc5fb-e1763319874906.jpg\",\"contentUrl\":\"https:\\\/\\\/nossaconfeitaria.com\\\/wp-content\\\/uploads\\\/2020\\\/03\\\/555a0b718fd1e918cbe3cd5c2edbc5fb-e1763319874906.jpg\",\"width\":1070,\"height\":927},{\"@type\":\"BreadcrumbList\",\"@id\":\"https:\\\/\\\/nossaconfeitaria.com\\\/?product=ornare-arcudui-vivamus-arcu-felis-bibendum#breadcrumb\",\"itemListElement\":[{\"@type\":\"ListItem\",\"position\":1,\"name\":\"Home\",\"item\":\"https:\\\/\\\/nossaconfeitaria.com\\\/\"},{\"@type\":\"ListItem\",\"position\":2,\"name\":\"Nossa Confeitaria\",\"item\":\"https:\\\/\\\/nossaconfeitaria.com\\\/?page_id=17\"},{\"@type\":\"ListItem\",\"position\":3,\"name\":\"Pudim com Queijo\"}]},{\"@type\":\"WebSite\",\"@id\":\"https:\\\/\\\/nossaconfeitaria.com\\\/#website\",\"url\":\"https:\\\/\\\/nossaconfeitaria.com\\\/\",\"name\":\"nossaconfeitaria.com\",\"description\":\"\",\"publisher\":{\"@id\":\"https:\\\/\\\/nossaconfeitaria.com\\\/#organization\"},\"potentialAction\":[{\"@type\":\"SearchAction\",\"target\":{\"@type\":\"EntryPoint\",\"urlTemplate\":\"https:\\\/\\\/nossaconfeitaria.com\\\/?s={search_term_string}\"},\"query-input\":{\"@type\":\"PropertyValueSpecification\",\"valueRequired\":true,\"valueName\":\"search_term_string\"}}],\"inLanguage\":\"pt-BR\"},{\"@type\":\"Organization\",\"@id\":\"https:\\\/\\\/nossaconfeitaria.com\\\/#organization\",\"name\":\"nossaconfeitaria.com\",\"url\":\"https:\\\/\\\/nossaconfeitaria.com\\\/\",\"logo\":{\"@type\":\"ImageObject\",\"inLanguage\":\"pt-BR\",\"@id\":\"https:\\\/\\\/nossaconfeitaria.com\\\/#\\\/schema\\\/logo\\\/image\\\/\",\"url\":\"https:\\\/\\\/nossaconfeitaria.com\\\/wp-content\\\/uploads\\\/2025\\\/11\\\/photo_4958672432411642652_x.jpg\",\"contentUrl\":\"https:\\\/\\\/nossaconfeitaria.com\\\/wp-content\\\/uploads\\\/2025\\\/11\\\/photo_4958672432411642652_x.jpg\",\"width\":500,\"height\":500,\"caption\":\"nossaconfeitaria.com\"},\"image\":{\"@id\":\"https:\\\/\\\/nossaconfeitaria.com\\\/#\\\/schema\\\/logo\\\/image\\\/\"}}]}<\/script>\n<!-- \/ Yoast SEO plugin. -->","yoast_head_json":{"title":"Pudim com Queijo - nossaconfeitaria.com","robots":{"index":"index","follow":"follow","max-snippet":"max-snippet:-1","max-image-preview":"max-image-preview:large","max-video-preview":"max-video-preview:-1"},"canonical":"https:\/\/nossaconfeitaria.com\/?product=ornare-arcudui-vivamus-arcu-felis-bibendum","og_locale":"pt_BR","og_type":"article","og_title":"Pudim com Queijo - nossaconfeitaria.com","og_description":"Cremosidade do pudim com peda\u00e7os de queijo minas. A dupla cl\u00e1ssica Romeu e Julieta em vers\u00e3o pudim","og_url":"https:\/\/nossaconfeitaria.com\/?product=ornare-arcudui-vivamus-arcu-felis-bibendum","og_site_name":"nossaconfeitaria.com","article_modified_time":"2025-11-22T11:25:24+00:00","og_image":[{"width":1070,"height":927,"url":"http:\/\/nossaconfeitaria.com\/wp-content\/uploads\/2020\/03\/555a0b718fd1e918cbe3cd5c2edbc5fb-e1763319874906.jpg","type":"image\/jpeg"}],"twitter_card":"summary_large_image","twitter_misc":{"Est. tempo de leitura":"1 minuto"},"schema":{"@context":"https:\/\/schema.org","@graph":[{"@type":"WebPage","@id":"https:\/\/nossaconfeitaria.com\/?product=ornare-arcudui-vivamus-arcu-felis-bibendum","url":"https:\/\/nossaconfeitaria.com\/?product=ornare-arcudui-vivamus-arcu-felis-bibendum","name":"Pudim com Queijo - nossaconfeitaria.com","isPartOf":{"@id":"https:\/\/nossaconfeitaria.com\/#website"},"primaryImageOfPage":{"@id":"https:\/\/nossaconfeitaria.com\/?product=ornare-arcudui-vivamus-arcu-felis-bibendum#primaryimage"},"image":{"@id":"https:\/\/nossaconfeitaria.com\/?product=ornare-arcudui-vivamus-arcu-felis-bibendum#primaryimage"},"thumbnailUrl":"https:\/\/nossaconfeitaria.com\/wp-content\/uploads\/2020\/03\/555a0b718fd1e918cbe3cd5c2edbc5fb-e1763319874906.jpg","datePublished":"2020-03-16T09:02:10+00:00","dateModified":"2025-11-22T11:25:24+00:00","breadcrumb":{"@id":"https:\/\/nossaconfeitaria.com\/?product=ornare-arcudui-vivamus-arcu-felis-bibendum#breadcrumb"},"inLanguage":"pt-BR","potentialAction":[{"@type":"ReadAction","target":["https:\/\/nossaconfeitaria.com\/?product=ornare-arcudui-vivamus-arcu-felis-bibendum"]}]},{"@type":"ImageObject","inLanguage":"pt-BR","@id":"https:\/\/nossaconfeitaria.com\/?product=ornare-arcudui-vivamus-arcu-felis-bibendum#primaryimage","url":"https:\/\/nossaconfeitaria.com\/wp-content\/uploads\/2020\/03\/555a0b718fd1e918cbe3cd5c2edbc5fb-e1763319874906.jpg","contentUrl":"https:\/\/nossaconfeitaria.com\/wp-content\/uploads\/2020\/03\/555a0b718fd1e918cbe3cd5c2edbc5fb-e1763319874906.jpg","width":1070,"height":927},{"@type":"BreadcrumbList","@id":"https:\/\/nossaconfeitaria.com\/?product=ornare-arcudui-vivamus-arcu-felis-bibendum#breadcrumb","itemListElement":[{"@type":"ListItem","position":1,"name":"Home","item":"https:\/\/nossaconfeitaria.com\/"},{"@type":"ListItem","position":2,"name":"Nossa Confeitaria","item":"https:\/\/nossaconfeitaria.com\/?page_id=17"},{"@type":"ListItem","position":3,"name":"Pudim com Queijo"}]},{"@type":"WebSite","@id":"https:\/\/nossaconfeitaria.com\/#website","url":"https:\/\/nossaconfeitaria.com\/","name":"nossaconfeitaria.com","description":"","publisher":{"@id":"https:\/\/nossaconfeitaria.com\/#organization"},"potentialAction":[{"@type":"SearchAction","target":{"@type":"EntryPoint","urlTemplate":"https:\/\/nossaconfeitaria.com\/?s={search_term_string}"},"query-input":{"@type":"PropertyValueSpecification","valueRequired":true,"valueName":"search_term_string"}}],"inLanguage":"pt-BR"},{"@type":"Organization","@id":"https:\/\/nossaconfeitaria.com\/#organization","name":"nossaconfeitaria.com","url":"https:\/\/nossaconfeitaria.com\/","logo":{"@type":"ImageObject","inLanguage":"pt-BR","@id":"https:\/\/nossaconfeitaria.com\/#\/schema\/logo\/image\/","url":"https:\/\/nossaconfeitaria.com\/wp-content\/uploads\/2025\/11\/photo_4958672432411642652_x.jpg","contentUrl":"https:\/\/nossaconfeitaria.com\/wp-content\/uploads\/2025\/11\/photo_4958672432411642652_x.jpg","width":500,"height":500,"caption":"nossaconfeitaria.com"},"image":{"@id":"https:\/\/nossaconfeitaria.com\/#\/schema\/logo\/image\/"}}]}},"_links":{"self":[{"href":"https:\/\/nossaconfeitaria.com\/index.php?rest_route=\/wp\/v2\/product\/157","targetHints":{"allow":["GET"]}}],"collection":[{"href":"https:\/\/nossaconfeitaria.com\/index.php?rest_route=\/wp\/v2\/product"}],"about":[{"href":"https:\/\/nossaconfeitaria.com\/index.php?rest_route=\/wp\/v2\/types\/product"}],"replies":[{"embeddable":true,"href":"https:\/\/nossaconfeitaria.com\/index.php?rest_route=%2Fwp%2Fv2%2Fcomments&post=157"}],"wp:featuredmedia":[{"embeddable":true,"href":"https:\/\/nossaconfeitaria.com\/index.php?rest_route=\/wp\/v2\/media\/620"}],"wp:attachment":[{"href":"https:\/\/nossaconfeitaria.com\/index.php?rest_route=%2Fwp%2Fv2%2Fmedia&parent=157"}],"wp:term":[{"taxonomy":"product_brand","embeddable":true,"href":"https:\/\/nossaconfeitaria.com\/index.php?rest_route=%2Fwp%2Fv2%2Fproduct_brand&post=157"},{"taxonomy":"product_cat","embeddable":true,"href":"https:\/\/nossaconfeitaria.com\/index.php?rest_route=%2Fwp%2Fv2%2Fproduct_cat&post=157"},{"taxonomy":"product_tag","embeddable":true,"href":"https:\/\/nossaconfeitaria.com\/index.php?rest_route=%2Fwp%2Fv2%2Fproduct_tag&post=157"}],"curies":[{"name":"wp","href":"https:\/\/api.w.org\/{rel}","templated":true}]}}